mon factor of 60 and c?
60
Let q(a) = -2*a**2 + 17*a + 5. Let z be q(6). Let j(p) = 3*p - 2 - p + p + 44*p**2. Let k be j(-3). What is the greatest common divisor of z and k?
35
Suppose 0 = 3*o - 7*o - 3*s + 3566, -3*s + 2673 = 3*o. Calculate the highest common factor of 47 and o.
47
Suppose 30 = -3*z + 6*z. Suppose 0 = -4*w + 2*o + 154, -215 = -4*w - w - 5*o. Calculate the greatest common factor of w and z.
10
Let h = 36 + -30. Let f be (2/h)/(9/81). Suppose -2*o + 80 = -0*o + 2*g, f*o - 117 = -4*g. What is the greatest common divisor of 301 and o?
43
Let g be (-1443)/74*1/(9/(-12)). What is the greatest common divisor of 5824 and g?
26
Let a = -526 - -812. Calculate the highest common divisor of 22 and a.
22
Let x(h) = -19*h - 117. Let s be x(-11). Calculate the greatest common factor of s and 69.
23
Suppose -59*s + 144 = -55*s. Suppose 2 = -3*t + 14. What is the greatest common divisor of s and t?
4
Suppose -5*f + 190 = -5*p, -2*f = -0*f + 3*p - 61. Let l = -17 + f. Suppose 0*h - s = 3*h - 598, h + s = 202. What is the highest common factor of h and l?
18
Let h(x) = 62*x - 101. Let w be h(4). Let c = -10 - -31. What is the greatest common factor of c and w?
21
Suppose 7*s - 40 = -3*s. Suppose s*t = 4*f + 800, 4*f - 955 = -5*t - 0*f. What is the highest common divisor of t and 15?
15
Let n = 15 + -9. Let i(g) = g**3 + 5*g**2 + 2*g - 3. Let h be i(-3). Suppose 0 = 4*j - 5*j + h. Calculate the greatest common divisor of j and n.
3
Suppose 5*w + 2*w + 49 = 0. Let l be 0*(4 - w/(-2)). Suppose -d + 77 = -l*d. Calculate the highest common divisor of 7 and d.
7
Let i(h) = 2*h**3 - 4*h**2 - 60*h + 11. Let b be i(8). Calculate the highest common factor of b and 13.
13
Let m(o) = -3*o**3 - 29*o**2 - 25*o - 48. Let v be m(-9). Calculate the highest common divisor of 2415 and v.
15
Let s be (-8)/14 + (-4 - 124586/(-49)). Calculate the greatest common factor of 27 and s.
27
Suppose w = a - 25, -2*w = -w - 5*a + 45. Let z = -12 - w. Calculate the highest common divisor of z and 64.
8
Suppose -138 = -5*b - 2*n, -b - 4*b + 5*n + 145 = 0. Let k be 8 - (-2)/(-2)*-1. Let t be (-3)/k*7*-3. Calculate the greatest common factor of b and t.
7
Suppose -k + 2*k - 5 = 0. Let q = -1256 - -1266. Calculate the greatest common factor of q and k.
5
Let q(g) = 2*g**3 - 2*g**2 - g - 1. Let s(v) = v + 13. Let b be s(-11). Let k be q(b). Let p = 10 + k. What is the highest common factor of p and 75?
15
Let u be (-2 + -4)/((-2)/6). Let r = -17 + u. Calculate the greatest common factor of r and 13.
1
Let x = 164 + -207. Let m = x + 46. What is the greatest common divisor of m and 2?
1
Let o be 162/45*690/4. Calculate the greatest common divisor of 27 and o.
27
Let f(l) = 16*l - 4. Let x be f(3). Let w be 8/(-20) + (-2)/(-5). Suppose -8 = -w*u - 2*u. Calculate the greatest common divisor of u and x.
4
Let j(k) = -3*k + 221. Let i be j(0). Suppose -4*s + 5*p = -i, s + 0*s - 4*p - 58 = 0. Calculate the highest common divisor of s and 81.
27
Suppose 26*s - 27*s = -95. Calculate the highest common factor of 35 and s.
5
Suppose -5*m = b + 4*b - 120, b - 44 = -5*m. What is the highest common factor of b and 361?
19
Suppose 309 + 101 = 5*o. Suppose 2*t = -4*p + 28, 5*t + 5*p - p = o. What is the highest common factor of 45 and t?
9
Suppose 2048 = f - 23*a + 25*a, -2*f - 3*a = -4099. Calculate the greatest common factor of 13 and f.
13
Let z(c) = c**3 + 5*c**2 - 6*c - 14. Let q be z(-4). What is the greatest common factor of q and 182?
26
Let g be -5 - -7 - 1 - -1. Suppose 0 = -g*h + 29 + 13. Let u be (462/(-8))/((-2)/8). What is the highest common factor of u and h?
21
Let t(w) = 447*w + 4. Let m be t(1). What is the greatest common factor of 11 and m?
11
Let t = -197 - -230. What is the greatest common factor of t and 165?
33
Let v be (-7)/((-7)/18) + -2. Suppose z = -10*i + 14*i + 144, 2*i = -z + 120. Calculate the greatest common factor of z and v.
16
Suppose -5*s - 3*c + 62 = 0, -2*s = -0*s - 2*c - 28. Let h be -3 + 3/((-3)/(-146)). Calculate the greatest common divisor of h and s.
13
Suppose 2*n + 0*n - 2*r = 36, 2*r = n - 23. What is the greatest common divisor of n and 52?
13
Let q(p) = 6*p**2 + p + 10. Let h(t) = t**2 + 5*t - 7. Suppose 3 + 2 = -a. Let s be h(a). Let c be q(s). What is the highest common factor of 27 and c?
27
Suppose -14*r + 9*r + 300 = 0. Suppose -x - h + 11 = h, 0 = 5*x + 5*h - r. Calculate the greatest common divisor of 91 and x.
13
Suppose -33*u = -28*u - 110. What is the greatest common divisor of u and 6?
2
Let l(m) = -3*m. Let h be l(2). Let i(z) = 2*z**2 - 6*z + 2. Let q be i(h). Let b(j) = -j + 4. Let w be b(-6). Calculate the greatest common factor of q and w.
10
Let d(y) = 4*y + 3. Let z(a) = -9*a - 6. Let l(k) = 7*d(k) + 3*z(k). Let h be l(7). What is the greatest common factor of h and 30?
10
Let w be (-488)/24*(-3 + 0). Calculate the greatest common factor of 244 and w.
61
Suppose 0*t = -t + 1. Let s = 6 - t. Suppose 4*g - s*d = -g + 365, -3 = 3*d. Calculate the greatest common divisor of g and 9.
9
Suppose 4*z + 20 = 0, -48 = -s + 4*z + 146. Let t = s - 96. Let o = t - 22. Calculate the greatest common factor of 8 and o.
8
Suppose 0 = -8*d + 80 + 96. What is the greatest common divisor of 374 and d?
22
Let g be (2 - 315/5)*-2. Calculate the greatest common factor of 183 and g.
61
Let l(m) = -m**3 - 9*m**2 + 12*m - 2. Let o be l(-10). Let h = o - -32. Calculate the greatest common factor of h and 10.
10
Suppose -4*f = -562 - 98. Suppose 2*t - g - 31 = -0*t, 0 = -2*g - 2. Calculate the greatest common divisor of t and f.
15
Let i = -90 - -134. Let x = i + -30. What is the greatest common factor of 21 and x?
7
Suppose 17 = f + 2*y, 5*y - 3*y - 8 = 0. Suppose -80 = -2*p - 4*m, -5*p + 3*m = 42 - 216. Calculate the highest common divisor of p and f.
9
Suppose k - 6*k + 110 = 0. Let s be -11*1/(-2) - 13/26. Suppose 0 = -g + s*h - 18, 2*h - 22 = -3*g - 8. What is the greatest common factor of k and g?
2
Let u(y) = 3 + 2*y + 0 - 1. Let i be u(16). Calculate the greatest common factor of i and 51.
17
Suppose 0 = -5*z - 15, 3*m + z + 11 = 41. Suppose l = 5*y + 13, -4*l - m = 3*y + 6. Let o = l - -11. Calculate the highest common factor of o and 6.
3
Let s(x) = 4*x**2 + 17*x + 76. Let d be s(-8). What is the highest common divisor of d and 1078?
98
Suppose -6*i + 15*u + 4488 = 11*u, -4*i = -2*u - 2994. What is the highest common divisor of 60 and i?
30
Let k = 28 - 26. Let i be -2 + 26 + k - 0. Calculate the highest common divisor of i and 104.
26
Suppose -3*w + 1920 = 7*w. Suppose -3*d + 5*x + w = 0, 0*x = -5*d + 2*x + 320. Calculate the highest common factor of d and 48.
16
Suppose u - 4 + 0 = -d, 5*d - 2*u - 20 = 0. Suppose d*z - 2*z = 32. What is the greatest common factor of 56 and z?
8
Let f(y) = 2 - 3*y + 2*y**2 + 93*y**3 + 14*y**3 + 52*y**3. Let i be f(1). Calculate the greatest common factor of i and 20.
20
Suppose -819 = -43*y + 471. What is the greatest common divisor of y and 25?
5
Let o be ((-8)/2)/((-4)/(-10)). Let l = o + 24. Suppose c = -2*k + 10, -3*c + 4*k - 12 + 2 = 0. Calculate the highest common factor of c and l.
2
Let s be 25/3 + 4/(-12) + -1. Let n be (-18)/(-42) + (-6)/14. Let m(p) = -2*p + 56. Let j be m(n). What is the greatest common factor of j and s?
7
Let d be (-1 - 2)*(-1 + (-3)/9). Suppose -2*w + 156 = -2*q - 0*q, d*q - 417 = -5*w. What is the highest common divisor of 9 and w?
9
Suppose -6*p = -2*p - 148. Let j = p + -13. What is the greatest common factor of j and 3?
3
Suppose 3*q = 5*u + 6*q - 51, -u - 3 = 5*q. Calculate the greatest common divisor of 12 and u.
12
Let s(n) = 3*n**2 - n. Suppose 8 - 7 = j. Let k be s(j). Calculate the highest common divisor of k and 8.
2
Let k = -18 + 22. Suppose 0 = 5*u - 6*i + 3*i - 727, -5*u - k*i + 699 = 0. What is the highest common factor of 13 and u?
13
Let u = 318 + -468. Let p = -103 - -313. Let h = p + u. Calculate the highest common divisor of 24 and h.
12
Let x(m) = 157*m - 174. Let b be x(7). What is the greatest common factor of b and 37?
37
Let t be (-18)/63 + (-16)/(-7). Suppose -4*g - 24 = -4*k, -2*g + 3*g = -2*k + 6. What is the highest common divisor of t and k?
2
Let t be -3 - 0 - 3064/(-8). Calculate the highest common factor of t and 20.
20
Let y(l) = 18*l**2 - 1